{"id":19982,"date":"2025-12-04T00:18:23","date_gmt":"2025-12-03T22:18:23","guid":{"rendered":"https:\/\/elektrikas.ee\/p\/maaratlemata\/rattad-ja-rehvid-erinevad\/"},"modified":"2026-01-19T20:53:52","modified_gmt":"2026-01-19T18:53:52","slug":"rattad-ja-rehvid-erinevad","status":"publish","type":"product","link":"https:\/\/elektrikas.ee\/lv\/p\/klotsid\/raamid\/rattad-ja-rehvid-erinevad\/","title":{"rendered":"Rite\u0146i un riepas at\u0161\u0137iras"},"content":{"rendered":"","protected":false},"excerpt":{"rendered":"","protected":false},"featured_media":19983,"template":"","meta":[],"product_brand":[],"product_cat":[272],"product_tag":[],"class_list":{"0":"post-19982","1":"product","2":"type-product","3":"status-publish","4":"has-post-thumbnail","6":"product_cat-raamid","8":"first","9":"instock","10":"taxable","11":"shipping-taxable","12":"purchasable","13":"product-type-variable","14":"wvs-archive-product-wrapper"},"_links":{"self":[{"href":"https:\/\/elektrikas.ee\/lv\/wp-json\/wp\/v2\/product\/19982","targetHints":{"allow":["GET"]}}],"collection":[{"href":"https:\/\/elektrikas.ee\/lv\/wp-json\/wp\/v2\/product"}],"about":[{"href":"https:\/\/elektrikas.ee\/lv\/wp-json\/wp\/v2\/types\/product"}],"wp:featuredmedia":[{"embeddable":true,"href":"https:\/\/elektrikas.ee\/lv\/wp-json\/wp\/v2\/media\/19983"}],"wp:attachment":[{"href":"https:\/\/elektrikas.ee\/lv\/wp-json\/wp\/v2\/media?parent=19982"}],"wp:term":[{"taxonomy":"product_brand","embeddable":true,"href":"https:\/\/elektrikas.ee\/lv\/wp-json\/wp\/v2\/product_brand?post=19982"},{"taxonomy":"product_cat","embeddable":true,"href":"https:\/\/elektrikas.ee\/lv\/wp-json\/wp\/v2\/product_cat?post=19982"},{"taxonomy":"product_tag","embeddable":true,"href":"https:\/\/elektrikas.ee\/lv\/wp-json\/wp\/v2\/product_tag?post=19982"}],"curies":[{"name":"wp","href":"https:\/\/api.w.org\/{rel}","templated":true}]}}

Riteņi un riepas atšķiras
